n 50 is divided by i(-8).
16
Let t = -1 + 13. Calculate the remainder when 45 is divided by t.
9
Calculate the remainder when 6 is divided by (-18)/(-36)*(-6)/(-1).
0
Let n = 159 + -111. Calculate the remainder when n is divided by 26.
22
Suppose 5*h - 10*h = -65. What is the remainder when h is divided by 3?
1
What is the remainder when 3 + 2/(-3 + 1) is divided by 1?
0
Suppose -2*n - 2*n = -3*k - 104, 4*n + k - 104 = 0. Calculate the remainder when n is divided by 10.
6
Let r = 37 + -23. What is the remainder when 52 is divided by r?
10
Let u be -4 + (-3)/((-6)/(-4)). Calculate the remainder when (2 + (-3)/6)*(-44)/(-6) is divided by (4/2)/((-3)/u).
3
Suppose 5 + 15 = 5*d. Suppose -3*z + 67 = 5*x, 3*z + 7 = 4. What is the remainder when x is divided by d?
2
Suppose -3*u = -2*u - 12. Let s = 2 - 0. Suppose -8 = -s*x + 6. What is the remainder when u is divided by x?
5
Suppose -k - 3*m + 0 + 17 = 0, 13 = -k + 3*m. Suppose 4 = 3*w - k. Let r(h) = 7*h**2 + 2*h - 1. What is the remainder when r(w) is divided by 16?
15
Let z = 15 - 3. Let b = z + -10. Suppose b*h - 3*h + 3*q + 2 = 0, -2*q = -5*h + 49. Calculate the remainder when h is divided by 4.
3
Suppose x - 4*y - 3 = -1, x + 3*y - 23 = 0. Suppose -11 = -5*k + x, b + 5*k - 30 = 0. Calculate the remainder when 18 is divided by b.
3
Suppose -107 = -0*x - 3*x + g, 0 = 5*x + 3*g - 169. Suppose -35 = -5*p + x. Suppose -2*b + 0 = -10. What is the remainder when p is divided by b?
4
Let d = -8 - 2. What is the remainder when (-2)/(-10) - 28/d is divided by 3?
0
Let w = -28 + 45. Suppose 0 = 3*y, 5*c - 2*y + 5*y - 335 = 0. Calculate the remainder when c is divided by w.
16
Suppose 0 = -3*v + 54 - 15. Calculate the remainder when 50 is divided by v.
11
Let k(u) = -3*u - u - 1 - u**2 + 2*u + 3*u**2. Calculate the remainder when 7 is divided by k(-1).
1
Let y(v) = -v**2 - v + 3. Let g be y(0). Suppose o - 54 = -5*j, 3*o = g*j - 7*j + 173. What is the remainder when o is divided by 82/4 + 6/(-12)?
19
Let t be (24/14)/((-2)/(-14)). What is the remainder when 35 is divided by (1 - (-3 - -4)) + t?
11
Calculate the remainder when 4 is divided by (-42)/(-28) + (-1)/(-2).
0
Suppose -28 + 138 = 5*i. Let o(q) = 7*q**3 - 6*q**2 + 3*q + 3. What is the remainder when o(2) is divided by i?
19
Let o = 81 + -51. Suppose -2*z = z - o. What is the remainder when z is divided by 3?
1
Let n(o) = -o**3 + 7*o**2 - 5*o. Let b be n(4). What is the remainder when b + -1 - (-4 + 5) is divided by 2/7 + (-122)/(-14)?
8
Let m = 14 + -42. Let d be 1/((-3)/(-42)*-1). Let l = d - m. What is the remainder when 54 is divided by l?
12
Suppose 2*x + 2 = 0, x + 133 = 2*a + 2*x. What is the remainder when a is divided by 23?
21
Calculate the remainder when 1/(-4) - (-1155)/60 is divided by 10.
9
Let l(r) = r**3 + 6*r**2 - 8*r - 7. Let y be l(-7). Suppose -4*x - 3*g + 248 = -133, y = 2*x - 5*g - 171. Calculate the remainder when x is divided by 24.
21
Let c = -15 - -17. Calculate the remainder when 1 + -1 + 0 + 71 is divided by 3 + 4 + 15 + c.
23
Let l = 8 + 2. Calculate the remainder when 4/l - (-924)/15 is divided by 21.
20
Suppose 0*p - 36 = -3*p. Let j(y) = -5 + 0 - 5*y - 2*y. What is the remainder when j(-4) is divided by p?
11
Suppose -o - o = -f + 25, -4*o + 12 = 0. Let u = 2 + 4. Let r = f - u. Calculate the remainder when r is divided by 13.
12
Let v be 0 + (-14)/4*2. Let q(n) = -n - 1. Let x be q(v). Calculate the remainder when 4*(45/x + 2) is divided by 13.
12
Let g = -15 + 21. Let z(x) = 2*x - 3. What is the remainder when 25 is divided by z(g)?
7
Suppose -4*f - 4*i = -180, 0*f - 2*i - 70 = -2*f. Suppose p - 9 - f = 0. What is the remainder when p is divided by 17?
15
Let v(p) = 2*p**3 + 10*p**2 - 7*p - 3. What is the remainder when 92 is divided by v(-5)?
28
Suppose 5*d - 5*t = 55, d + 2*t = 6*d - 52. Calculate the remainder when 14 is divided by d.
4
Let q(k) = k + 5. Let u be 1/(-3) - 28/6. Let f be q(u). What is the remainder when 27 is divided by f*(-1)/(-2) - -14?
13
Let d(s) = -s - 7. Let z be d(-9). Suppose q - 6 - 10 = -2*j, -4*j + 5*q = -4. Calculate the remainder when (11/(-4))/(z/(-8)) is divided by j.
5
Suppose 3*m + 5*r - 67 - 1 = 0, 140 = 5*m - 5*r. What is the remainder when m is divided by 14?
12
Let j(b) = -b**3 + 10*b**2 - b + 12. Let z be j(10). Suppose 14 = z*r + 2*m, -2*m = -3*r + 4 + 7. What is the remainder when r is divided by 4?
1
Suppose 2*a + 51 = 5*n + 3, 4*a = 3*n - 26. Let r = -4 - -34. What is the remainder when r is divided by (2/(-1) - 0) + n?
6
Let l = 10 - 7. What is the remainder when 6 is divided by l?
0
Let v(d) = -d**2 - 10*d + 10. What is the remainder when 75 is divided by v(-9)?
18
Let b(f) be the second derivative of f**4/6 - f**3/3 - f**2/2 - 2*f. Let j be b(-1). Suppose j*r - 32 = r. Calculate the remainder when 47 is divided by r.
15
Let u(l) = -17*l - 2. Let t = 50 + -21. Calculate the remainder when t is divided by u(-1).
14
Suppose 17 = 5*s - a, 0 = -3*s + 2*a + 6. Calculate the remainder when 7 is divided by (s*(0 + 1))/2.
1
Suppose 7*p - 24 = 39. Calculate the remainder when 34 is divided by p.
7
Let p be (-8)/(-5 + 1) + 17. Let z = p + -8. What is the remainder when 42 is divided by z?
9
Let h(q) = 4*q - 3. Suppose t + 4*b = 62, 186 = -2*t + 5*t - b. Calculate the remainder when t is divided by h(6).
20
Let f be (-13)/2 + 1/(-2). Let u(d) = -d**2 - 14*d + 7. Let i(m) = m**2 - 12*m + 6. Calculate the remainder when u(f) is divided by i(13).
18
Let a = -3 + 10. Calculate the remainder when 20 is divided by a.
6
Suppose r + 3*r = 8. Calculate the remainder when 4*r/4 + 28 is divided by 16.
14
Let q = 11 - 6. Let h(m) = -2*m + 4. Let p be h(-7). Let s = p - 11. What is the remainder when s is divided by q?
2
Suppose -39 = -0*w - 3*w. What is the remainder when 63 is divided by w?
11
Let p(x) be the second derivative of x**5/20 - 5*x**4/12 - x**3/2 - 7*x**2/2 - 2*x. What is the remainder when 31 is divided by p(6)?
9
Let d be -1 - (-4 - -2) - -8. Let b = 14 - d. What is the remainder when 54/4 - (-11)/(-22) is divided by b?
3
Let y(j) = j + 20. Calculate the remainder when 45 is divided by y(-8).
9
Let x be (5 + 1)*(-90)/(-4). Let s = x + -82. Calculate the remainder when s is divided by 18.
17
Suppose 0*r - 82 = -2*r. Let y(j) be the third derivative of j**5/60 + 7*j**3/3 - 2*j**2. What is the remainder when r is divided by y(0)?
13
Suppose 13*n = 194 - 51. Let a be (2*-1)/((-2)/4). Suppose -a*k + 149 = -19. Calculate the remainder when k is divided by n.
9
Let m be ((-4)/12)/((-2)/24). Suppose -m*y + 31 = 3*s - 6, 0 = 4*y - 4*s - 44. What is the remainder when y is divided by 6?
4
Suppose -4*t = -3*i - 19 - 31, -i = 2*t - 20. Calculate the remainder when 53 is divided by t.
9
Suppose 12 = -3*u, 3*g = -0*u + u + 58. What is the remainder when 35 is divided by g?
17
Let t(n) = -n + 9. Let d be t(6). Suppose -5*z + 9 = -2*b + 46, -z - d = 0. What is the remainder when b is divided by 4?
3
Let m(l) = -2*l**3 - 2*l**2 - l + 2. Let j be m(-2). Let w = -4 + j. What is the remainder when 15 is divided by w?
7
Let r(q) = -q**2 - 5*q + 4. Let x be r(-6). Let l = x - -6. Calculate the remainder when 11 is divided by l.
3
Suppose -7 = -a - 46. Let q = a + 107. Calculate the remainder when q is divided by 23.
22
Let x(l) = 4*l**3 + 2*l**2. Suppose 0*i = -2*i + 42. What is the remainder when x(2) is divided by i?
19
Let u be (-7)/(-2) - (-5)/(-10). Suppose u = 2*o + o. Suppose o = 2*n - 15. What is the remainder when 23 is divided by n?
7
Let p be 6/15 - (-3)/5. Let r(a) = 7 - 2*a + a - p - a**2. What is the remainder when r(0) is divided by 4?
2
Let l = 5 + -5. Suppose -2*z = -3*u + 6, -3*u - 3*z = 2*z - 27. Calculate the remainder when u is divided by l + (-1)/(-1) + 2.
1
Suppose 11 + 49 = 3*b. Suppose y + y - 14 = 0. Calculate the remainder when b is divided by y.
6
Let l(b) = -b**3 - 2*b**2 + 2. Let u be l(-2). Suppose 6*z - u*z = 24. What is the remainder when (30/(-8))/((-6)/16) is divided by z?
4
Let c(h) = 2*h - 2*h**2 + 0*h - 5*h - 2*h. Let k be c(-5). Let j = k - -41. What is the remainder when 47 is divided by j?
15
Let v = 0 - -13. What is the remainder when 25 + -1 + -2 + 3 is divided by v?
12
Let u = 6 - 4. Suppose 4*m = p + u*p + 24, -3*m - 3 = 3*p. What is the remainder wh